). Calculate the highest common factor of v and a.
6
Let t(l) = l**2 + 3*l + 54. Let s be t(0). Let p be -2 + (-3288)/(-234) - (-26)/(-507). Calculate the greatest common divisor of p and s.
6
Let s(c) = -78*c + 4194. Let x be s(45). What is the greatest common factor of 7296 and x?
228
Let c(a) = -2*a**3 + 4*a**2 + 159*a + 58. Let h be c(-8). What is the highest common divisor of h and 354?
6
Let f be (-12)/(-5)*40/12 + -1 + -1. Calculate the greatest common factor of f and 338.
2
Suppose 108*u - 67*u - 1230 = 0. What is the greatest common divisor of 1335 and u?
15
Suppose 0 = -4*z - 302 + 282, -5*d = 2*z - 40. Suppose 0 = x - 4*x + 204. Let t be x/12 + (-4)/6. What is the highest common factor of t and d?
5
Suppose 5*z = -10 + 140. Suppose 0 = -28*d + 35*d - 847. Suppose 8*n - d = 191. What is the greatest common divisor of n and z?
13
Suppose 40020 = -105*d + 197*d. What is the greatest common factor of d and 135?
15
Suppose 38 = 5*l + i, 6*l + 2*i - 4 = 5*l. Let y(g) = g**2 + 29*g - 191. Let h be y(l). What is the greatest common divisor of h and 90?
15
Suppose -7 - 9 = -8*l. Suppose -28 = -5*h + b + 41, -l*h + 32 = 4*b. What is the highest common divisor of h and 378?
14
Suppose -2355 + 251 = -24*o + 1544. What is the highest common divisor of o and 56?
8
Suppose 2*x + 5*u - 20 = 0, -4*u - 11 = -3*x - 2*u. Suppose 331 = x*r + 36. Let m = -19 + r. Calculate the greatest common factor of 5 and m.
5
Let z be (-1 + 534/30)*45/6. Let u = -62 + 62. Suppose u = -10*o + 6*o + 56. What is the highest common factor of z and o?
14
Suppose 0 = -q - 3*h + 115, -h = -0*q + q - 113. Suppose -8*v = -6*v - q. Calculate the highest common divisor of v and 16.
8
Suppose 0*w = -3*w + 30. Let h be (-288)/w*(3 - 8). Calculate the highest common factor of 8 and h.
8
Let w(h) = -56*h**3 - 3*h**2 - 4*h. Let f be w(-1). Suppose 52*r - f*r = -60. Calculate the highest common divisor of 32 and r.
4
Let h be 68/578 + 2/(-17). Suppose 5*p = 5, -3*m - 2*p + 2744 - 399 = h. Calculate the greatest common divisor of m and 71.
71
Let l(b) = b**3 - 14*b**2 - 24*b + 14. Let h be l(15). Let v = -91 - h. Calculate the greatest common factor of v and 12.
6
Let p = 10534 + -5934. Calculate the highest common divisor of 69 and p.
23
Let x = -64 + 62. Let y = -6 - x. Let g be (32 + -2)*(2 - (-6)/y). What is the greatest common factor of 20 and g?
5
Suppose c - 5*b - 403 = 0, 256 = 3*c + 5*b - 893. What is the greatest common factor of c and 1455?
97
Let y be (810 + -6)/((-2)/(-1)). Let c = y + -372. Let a = 263 + -188. What is the highest common factor of a and c?
15
Let l(z) be the first derivative of 5*z**2/2 - 11*z - 36. Let v be (-28)/2*(-26)/52. Let a be l(v). Calculate the highest common divisor of 3 and a.
3
Let n be (-5 + (-10)/(-4) + 2)*(-342)/57. Let y be 2/(-6) - 145/(-3). What is the greatest common factor of y and n?
3
Let i(m) = -42*m - 2622. Let o be i(-63). Calculate the greatest common factor of 1614 and o.
6
Let t(z) = 239*z**2 - 2*z + 1. Let q be t(1). Let s = -153 + q. What is the greatest common factor of 5 and s?
5
Let k(j) = -8*j + 97. Let y be k(12). Let u be y/3 + (-5644)/(-51). Calculate the greatest common factor of 9 and u.
3
Let o(t) = 203*t**2 + 515*t + 16. Let y be o(-7). Calculate the greatest common divisor of y and 11.
11
Suppose 0*p + 2*p - 2*l = 62, -2*p + l + 57 = 0. Suppose 5*k + p = -8*k. Let t be k - (-1)/((-4)/(-112)). What is the greatest common factor of 39 and t?
13
Let x(t) = 2*t**2 + 7*t + 14. Let o be x(-4). Let a be (-2)/(-4) + 2732/8. What is the highest common divisor of a and o?
18
Suppose 11*o - 366 = 1240. Let w = o + 118. Calculate the highest common factor of w and 33.
33
Let j = -19097 + 19103. Calculate the highest common divisor of j and 2200.
2
Let n(q) = 2*q**2 + 22*q - 20. Suppose i + 27 = 13. Let f be n(i). Let s = f + -58. What is the greatest common divisor of s and 42?
6
Let n(l) = 14*l + 39. Let f be n(0). Suppose 26*h + f = 3*s + 22*h, 27 = 2*s - 3*h. Calculate the highest common divisor of 153 and s.
9
Let w(c) = 4*c - 38. Let t be w(8). Let m be 4 + t - (-83)/1. What is the highest common factor of m and 216?
27
Suppose 119*y - 141584 = 103 + 26936. Calculate the highest common factor of 436 and y.
109
Suppose 0 = 3*v + 14*o - 9*o - 1546, -5*v + o = -2586. What is the greatest common factor of 671 and v?
11
Let r be -2*((-4)/(-24) + (-15)/9). Suppose 23*j - r*n = 20*j + 51, 3*n = j - 15. Calculate the greatest common factor of 225 and j.
9
Suppose -43*u - 172 = -4*g - 39*u, 2*u - 154 = -4*g. Let x = -410 - -600. What is the greatest common factor of g and x?
10
Suppose -43 = -2*u + 53. Suppose 11*p - 3*b - 29 = 358, -93 = -3*p + 5*b. What is the greatest common factor of u and p?
12
Let t = 2732 - 1922. Let y be 3 + (705/(-45))/((-2)/(-42)). Let z = y + t. Calculate the highest common factor of z and 44.
44
Let u be (-14 - -21) + -14 - -1204. Calculate the greatest common divisor of 38 and u.
19
Let y be -1*16/(-8)*(-362)/(-4). Let o = y + -170. What is the greatest common divisor of 187 and o?
11
Let t = -5088 + 5120. Calculate the highest common factor of 104 and t.
8
Suppose -2*t + 138 = -3*s + 9, -4*t - 4*s + 288 = 0. Suppose 6*m = 871 - 205. Suppose 3*i = 27 + m. Calculate the highest common factor of i and t.
23
Suppose -4*s - 193 = -3*t, -3*t + 4*s = -2*t - 67. Suppose -39 - t = -6*d. Let u(z) = 6*z + 119. Let p be u(0). Calculate the highest common factor of p and d.
17
Let t(b) = -2*b**2 + 0*b**2 - 6*b + 2*b**2 + 3*b**2. Let k be t(4). Suppose 35*y + 24 = 36*y. Calculate the greatest common factor of y and k.
24
Let h(v) = -6*v**3 - 171*v**2 + 41*v + 49. Let x be h(-30). What is the highest common divisor of x and 74?
37
Let h be -1202*(4 - (-28)/(-8)). Let o = h - -627. What is the greatest common factor of o and 143?
13
Let b = -173 - -158. Let m be (-410)/b + 0 - (-2)/3. What is the greatest common divisor of m and 448?
28
Let o(w) = 13*w**2 - 59*w + 36. Let h be o(5). Calculate the highest common divisor of 506 and h.
22
Let x be ((-82)/3)/((-35)/15 - -3). Let j = x + 53. Let c(h) = 5*h**2 - 2*h + 1. Let t be c(1). What is the greatest common factor of t and j?
4
Suppose -12*g + 2558 = 1586. Calculate the highest common factor of 1161 and g.
27
Let u = 214 - 214. Suppose -q + 91 = 3*y - u*q, 5*q = -5*y + 145. What is the highest common divisor of y and 496?
31
Suppose -t + 3*d + 12 = 0, 2*t - d - 78 + 44 = 0. Suppose -18*a - 1368 = -22*a. Calculate the greatest common divisor of a and t.
18
Suppose -o + 489 = -5*j, -36*o - 3*j - 1407 = -39*o. Calculate the greatest common divisor of 870 and o.
58
Suppose 8*g - 13*g = -110. Let p = 136 + -133. Suppose -3*o + 2*w - 7*w + 180 = 0, w = p. Calculate the greatest common divisor of g and o.
11
Let p(d) = 11*d**2 + 4*d - 3. Let x be p(2). Let s = -342 + 514. Let z = s - 158. What is the highest common divisor of z and x?
7
Let d be (228/21)/((-68)/(-1190)). Calculate the highest common divisor of d and 80.
10
Suppose 141*f - 137*f - 2*a - 16 = 0, -a - 2 = 0. Calculate the greatest common factor of f and 489.
3
Let v(t) = 118*t**3 - 6*t**2 + 22*t - 32. Let m be v(2). What is the greatest common divisor of 8 and m?
4
Let x = 21039 + -18548. Calculate the greatest common divisor of x and 212.
53
Let i = 5733 - 5697. Calculate the highest common factor of i and 1956.
12
Let u be 26*(-8)/(-160)*430. Calculate the highest common divisor of 247 and u.
13
Let w be 3438/30 - ((-24)/(-15) + -2). Let d be (-57)/(-19) + (3*3 - 0). Suppose 0 = -d*a + 255 + 21. What is the highest common factor of a and w?
23
Let k be (-5)/(-2)*(-4928)/(-140). Let j be (-2)/(-6)*2*(21 + 12). Calculate the greatest common divisor of j and k.
22
Let k be (((-4760)/(-60))/7)/((-2)/(-54)). What is the highest common divisor of 16677 and k?
153
Let a(s) be the first derivative of 3*s**2/2 - 611. Let r(t) = 12*t**2 + t. Let i be r(-1). Let x be a(i). What is the greatest common factor of 11 and x?
11
Let f(i) = i + 29. Let v be f(-5). Suppose 5*t + v = 84. Suppose 0 = -b - p + 4, -2*p - t = -5*b + 15. Calculate the highest common factor of 35 and b.
5
Let n(u) = -4*u - 2*u + 7 + u**3 + 6*u**2 - 14. Let m be n(-6). Suppose -2*l + m = d, -3*l + 16 = -6*d + 2*d. Calculate the highest common 